
5, 2039, 126491
List the prime factors of 58578314.
2, 29289157
What are the prime factors of 6100091?
6100091
What are the prime factors of 157079599?
157, 1000507
List the prime factors of 1257488388.
2, 3, 13, 43, 53, 131
What are the prime factors of 97006535?
5, 19401307
What are the prime factors of 122563567?
7, 2549, 6869
List the prime factors of 495692682.
2, 3, 199, 415153
What are the prime factors of 143056183?
143056183
What are the prime factors of 470313912?
2, 3, 2111, 9283
What are the prime factors of 1994425402?
2, 19, 41, 1280119
List the prime factors of 21080648.
2, 73, 36097
List the prime factors of 4903006292.
2, 3373, 363401
What are the prime factors of 4277985821?
2473, 1729877
What are the prime factors of 36529430?
2, 5, 7, 17, 30697
List the prime factors of 39790518.
2, 3, 107, 61979
List the prime factors of 203268150.
2, 3, 5, 17, 521
List the prime factors of 63113864.
2, 11, 83, 8641
List the prime factors of 113567086.
2, 1103, 51481
What are the prime factors of 150703915?
5, 19, 127, 12491
List the prime factors of 54702298.
2, 7, 3907307
What are the prime factors of 5941241?
59, 100699
What are the prime factors of 465251678?
2, 232625839
List the prime factors of 1078398410.
2, 5, 71, 1518871
List the prime factors of 5726468240.
2, 5, 23, 43, 157, 461
List the prime factors of 276097615.
5, 55219523
What are the prime factors of 26258863?
17, 37, 109, 383
What are the prime factors of 2749933618?
2, 1374966809
List the prime factors of 40695265.
5, 13, 29, 21589
List the prime factors of 77524208.
2, 4845263
What are the prime factors of 199696007?
7, 131, 217771
List the prime factors of 38324775.
3, 5, 61, 8377
What are the prime factors of 3829243209?
3, 11, 116037673
List the prime factors of 10610347.
11, 964577
What are the prime factors of 25335706?
2, 11, 104693
What are the prime factors of 59608436?
2, 193, 77213
What are the prime factors of 912615582?
2, 3, 37, 1103, 3727
List the prime factors of 1382528485.
5, 13, 17, 1251157
What are the prime factors of 417960648?
2, 3, 7, 92143
What are the prime factors of 1453981452?
2, 3, 7, 11, 37, 71, 599
What are the prime factors of 77927757?
3, 41, 633559
List the prime factors of 453558602.
2, 7, 2029, 2281
What are the prime factors of 480327123?
3, 160109041
List the prime factors of 208572447.
3, 69524149
What are the prime factors of 32647081?
491, 66491
What are the prime factors of 94943962?
2, 47471981
List the prime factors of 357548705.
5, 71509741
What are the prime factors of 118521624?
2, 3, 13, 379877
What are the prime factors of 9075510?
2, 3, 5, 33613
List the prime factors of 1350689945.
5, 11, 24557999
What are the prime factors of 699738806?
2, 13, 1289, 20879
What are the prime factors of 746872995?
3, 5, 11, 19, 238237
What are the prime factors of 504653738?
2, 17, 79, 187883
What are the prime factors of 1564576575?
3, 5, 20861021
What are the prime factors of 34927335?
3, 5, 258721
List the prime factors of 211549632.
2, 3, 7, 17, 47, 197
What are the prime factors of 2034720490?
2, 5, 11, 1483, 12473
List the prime factors of 124036239.
3, 31, 1333723
What are the prime factors of 6007022141?
347, 373, 46411
List the prime factors of 126846748.
2, 7, 23, 431, 457
List the prime factors of 41215991.
1907, 21613
What are the prime factors of 1195544?
2, 7, 37, 577
List the prime factors of 42595381.
42595381
What are the prime factors of 1995748342?
2, 7, 1747, 11657
List the prime factors of 162771842.
2, 81385921
List the prime factors of 2672318207.
13, 367, 560117
What are the prime factors of 74514942?
2, 3, 239, 17321
List the prime factors of 186340276.
2, 137, 340037
List the prime factors of 8889824.
2, 379, 733
What are the prime factors of 782694420?
2, 3, 5, 1231, 10597
List the prime factors of 315934373.
43, 467, 15733
What are the prime factors of 2628524220?
2, 3, 5, 7, 19, 89, 3701
List the prime factors of 892580604.
2, 3, 1619, 45943
List the prime factors of 95051235.
3, 5, 1583, 4003
What are the prime factors of 588374136?
2, 3, 7, 1167409
What are the prime factors of 11137556?
2, 31, 89819
What are the prime factors of 1016072102?
2, 17789, 28559
What are the prime factors of 9563893?
383, 24971
List the prime factors of 689574758.
2, 3469, 99391
List the prime factors of 22314575.
5, 31, 28793
List the prime factors of 33017565.
3, 5, 7, 314453
What are the prime factors of 1885763903?
53, 35580451
What are the prime factors of 2357754473?
277, 1741, 4889
List the prime factors of 330462283.
330462283
What are the prime factors of 14558315?
5, 2911663
What are the prime factors of 280895738?
2, 71, 83, 23833
What are the prime factors of 255222223?
8081, 31583
List the prime factors of 1041524513.
1041524513
List the prime factors of 179898393.
3, 6563, 9137
List the prime factors of 3735917852.
2, 127, 7354169
List the prime factors of 1650108581.
11, 1239751
What are the prime factors of 152950233?
3, 50983411
List the prime factors of 20491158.
2, 3, 19, 173, 1039
List the prime factors of 9653981040.
2, 3, 5, 11, 853, 1429
List the prime factors of 32628733.
1499, 21767
What are the prime factors of 946872516?
2, 3, 383, 206021
What are the prime factors of 603740291?
7, 11, 7840783
List the prime factors of 926773564.
2, 17, 19, 717317
What are the prime factors of 41957945?
5, 8391589
List the prime factors of 2057250942.
2, 3, 2833, 40343
What are the prime factors of 57998056?
2, 43, 168599
List the prime factors of 168617638.
2, 7, 149, 80833
What are the prime factors of 158856091?
857, 185363
List the prime factors of 253268476.
2, 109, 580891
List the prime factors of 3337018205.
5, 103, 6479647
What are the prime factors of 510020784?
2, 3, 7, 13, 38921
List the prime factors of 1351463665.
5, 37, 79, 89, 1039
List the prime factors of 628781715.
3, 5, 263, 53129
List the prime factors of 150334717.
13, 31, 47, 7937
List the prime factors of 388508095.
5, 71, 857, 1277
What are the prime factors of 541935888?
2, 3, 13, 868487
What are the prime factors of 518407567?
29, 41, 436003
What are the prime factors of 733860623?
733860623
What are the prime factors of 27311596?
2, 13, 659, 797
List the prime factors of 3987067849.
3987067849
List the prime factors of 609899.
29, 21031
What are the prime factors of 305904431?
7, 709, 61637
List the prime factors of 546928136.
2, 113, 605009
What are the prime factors of 44309454?
2, 3, 7, 23, 45869
What are the prime factors of 438778149?
3, 29, 43, 53, 2213
What are the prime factors of 23023940?
2, 5, 293, 3929
List the prime factors of 331217321.
14593, 22697
What are the prime factors of 936557025?
3, 5, 19, 657233
List the prime factors of 5334047310.
2, 3, 5, 177801577
What are the prime factors of 5291663295?
3, 5, 197, 1790749
List the prime factors of 1003671125.
5, 23, 59, 61, 97
What are the prime factors of 68765115?
3, 5, 53, 67, 1291
What are the prime factors of 2412204322?
2, 11, 191, 574061
List the prime factors of 24927773.
13, 1917521
What are the prime factors of 960445035?
3, 5, 11, 1940293
What are the prime factors of 53165946?
2, 3, 107, 82813
What are the prime factors of 30839864?
2, 11, 350453
What are the prime factors of 39519313?
23, 277, 6203
List the prime factors of 48859335.
3, 5, 7, 149, 347
List the prime factors of 73643654.
2, 7, 23, 228707
List the prime factors of 5993231701.
5993231701
What are the prime factors of 1277086995?
3, 5, 19, 211, 7079
What are the prime factors of 3963537957?
3, 1321179319
List the prime factors of 143635832.
2, 3373, 5323
List the prime factors of 98240160.
2, 3, 5, 204667
List the prime factors of 27223537.
11, 919, 2693
What are the prime factors of 754070294?
2, 377035147
List the prime factors of 845709060.
2, 3, 5, 7, 2013593
List the prime factors of 654181631.
654181631
List the prime factors of 2499106702.
2, 41, 30476911
List the prime factors of 178431589.
7, 3641461
List the prime factors of 2077906861.
19, 2591, 42209
List the prime factors of 1647606621.
3, 2647, 207481
What are the prime factors of 33209651?
33209651
What are the prime factors of 328158973?
17, 181, 106649
What are the prime factors of 54302856?
2, 3, 2262619
What are the prime facto